uppose -3*n + p + o*p = -74, -5*n + 135 = 5*p. List the prime factors of n.
2, 13
Suppose 50 = 5*o - 10*o. Let q = o - -14. Suppose -4*x + 38 = -5*w, -w = q*w + 10. List the prime factors of x.
7
Let c = -19 + 14. List the prime factors of (c + 1)*(-11)/22.
2
Suppose 0 = -2*g + g + 2. Let b(w) = 7*w**2 + 2*w - 1. Let i be b(-2). Suppose 5*a - 62 = -3*r, -1 = -g*a - r + i. What are the prime factors of a?
2, 5
What are the prime factors of ((-3)/6)/((-4)/136)?
17
Suppose -4 - 2 = -3*c. Let q = -26 + 14. Let n = c - q. List the prime factors of n.
2, 7
Let o(w) = 37*w**2. What are the prime factors of o(1)?
37
Let n(o) = -4*o + 2. Let y be n(-3). Let f = 4 - 14. Let v = f + y. List the prime factors of v.
2
Suppose r - 18 = 3*q, 3*r - 47 - 22 = 4*q. Suppose g + 3*y - 11 = -0*y, r = g - y. List the prime factors of g.
23
Let x(k) = -k + 1. Let w be x(-3). Let q(r) = 4*r - 2*r - 1 - 2 - r**3 - w*r**2. What are the prime factors of q(-5)?
2, 3
Let s(v) be the third derivative of -v**4/6 - v**3 - 2*v**2. Suppose 5*j - 3 + 23 = 0. What are the prime factors of s(j)?
2, 5
Let n = 1 - -12. Let h = 19 - n. List the prime factors of (-76)/(-6) - 4/h.
2, 3
Let w(l) = -l**2 + 6*l + 2. Let k be w(6). Let c(r) = 1 + 3*r - 1. What are the prime factors of c(k)?
2, 3
Suppose -4*w - 82 = 5*i, 2*w = 3*i - 34 + 4. Let m be (27/6)/(12/(-32)). Let b = m - w. What are the prime factors of b?
2, 3
Suppose 5*d + l + 3 = 0, -l + 3*l + 6 = -2*d. Suppose 4*t + o - 45 = d, -t + 0*o = 4*o. What are the prime factors of t?
2, 3
Let m be 1/2 - (-31)/2. Let t = m + -11. Suppose 0 = -t*q + 25, -3*c - 2*q - 3*q + 70 = 0. What are the prime factors of c?
3, 5
Let g be 69/(-5) + (-1)/5. Let q = g + 69. List the prime factors of q.
5, 11
Let v(z) = z**3 + 6*z**2 - 2*z - 5. List the prime factors of v(-4).
5, 7
Suppose 3*g - 8 = 2*g + 2*p, 0 = 5*g + 3*p + 25. Let j be 6/(-4) + (-21)/(-2). Let o = j - g. List the prime factors of o.
11
Let l = 15 - 8. Suppose -3*w - l = -46. List the prime factors of w.
13
Suppose 0 = -4*c + 6*c - 6, -2*b + 2*c + 54 = 0. What are the prime factors of b/12*8/5?
2
Let y(r) = -r**2 + 3*r + 4. Let t be y(3). Suppose v = 2*a - 0*a + t, -3*a = -6. List the prime factors of v.
2
Let z(c) = 5*c - 4. Let w be z(4). Suppose -5*n = -5*q - w - 14, 3*q - 6 = 0. Let t = n + -6. List the prime factors of t.
2
Suppose 2*x - i - 49 = 0, -2*x - 4*i = -6*i - 52. List the prime factors of x.
23
Let s(w) = -w**3 + 5*w**2 - w + 3. Let l be s(5). Let r be (12/16)/(l/(-16)). Suppose z - r = 1. What are the prime factors of z?
7
Suppose 2*x + 4 = 3*x. Suppose 0 = -j - x*j + 75. What are the prime factors of j?
3, 5
Suppose -2*z = k - 3*k + 64, 5*z - 92 = -2*k. List the prime factors of k.
2, 3
Suppose 3*d - 4*l - 204 = 0, -l = -d + 4*l + 68. What are the prime factors of d?
2, 17
Let b(u) = 0*u**2 - 15 + 19 + u**2 + 3*u - 4*u. List the prime factors of b(0).
2
List the prime factors of (-2285)/(-65) + 4/(-26).
5, 7
Let z be (6/4)/(1/2). Suppose -z*u + 23 - 8 = 0. Suppose 0*w - 55 = -u*w. List the prime factors of w.
11
Let h(i) = -i**2 + 2*i. Let a be h(3). Suppose j = 5*j - 4. What are the prime factors of j/a - 50/(-6)?
2
Suppose -42 = 4*z - 7*z. What are the prime factors of (-6)/(z/(-10) - -1)?
3, 5
Suppose 0 = p - 0*h - 3*h - 51, -5*p + 217 = 4*h. List the prime factors of p.
3, 5
Let d be (12/9)/(2/(-6)). List the prime factors of (-56)/(-21)*(-33)/d.
2, 11
Let a = -38 - -80. Let f = a + -28. What are the prime factors of f?
2, 7
Let l = 97 - 55. Suppose 5*i - 2 = -l. List the prime factors of (-14)/i*(5 + -1).
7
Let t(i) = i**2 + 4*i - 4. Let w be t(-6). Let z = 12 - w. What are the prime factors of z?
2
Let d(o) = -o**3 - 2. Let q be d(-2). Suppose 4 = q*c - 2*c. What are the prime factors of (3/(-3))/(c/(-12))?
2, 3
Suppose -5*g - 5 = -0. What are the prime factors of (g/3)/((-1)/9)?
3
Let p(m) = -4*m - 7. Let g be p(-3). List the prime factors of -9*(g/(-3))/5.
3
Let x = 36 - -4. Suppose q - x = -q. List the prime factors of q.
2, 5
Suppose -2*c - 6 = 0, 2*z - 2 = c + 7. Suppose -z*d + 16 = -11. Suppose -x + 3 = -d. List the prime factors of x.
2, 3
Let n = 16 - 12. Suppose -n*i = -75 + 15. List the prime factors of i.
3, 5
Let j(b) be the first derivative of b**2 - 8*b - 1. What are the prime factors of j(11)?
2, 7
Suppose 3*s + s = 0. Suppose 16 = 4*m - s*m. Suppose -m*w - 10 = -6*w. What are the prime factors of w?
5
Let w(j) = -j**2 + 6*j - 5. Let p be w(4). Let x = p + -1. List the prime factors of 7 + x - (1 + 1).
7
Let d(i) = i + 1. Let c be (7 + -2 + 0)/1. What are the prime factors of d(c)?
2, 3
Let y(b) = b**2. Let f(v) = 2*v - 1 + 2*v**2 + 3*v**2 - 3*v**2. Let j(p) = f(p) + 4*y(p). What are the prime factors of j(1)?
7
Suppose -498 + 1379 = 5*z + 4*a, -2*a - 857 = -5*z. What are the prime factors of z?
173
Suppose -7*w + 4*w + 18 = 3*j, -w + 36 = -5*j. Let v = -7 + w. Let b = 7 - v. What are the prime factors of b?
3
Suppose -i - 4*o + 8 = 0, 5*o + 0 = 3*i + 10. Let v = i + 2. List the prime factors of v.
2
Suppose -3*y + 4*v - 4392 - 2593 = 0, -9303 = 4*y + 5*v. List the prime factors of y/(-65) - (-2)/10.
2, 3
Suppose -3*u - 5*v = -3*v - 951, 2*v = 3*u - 951. List the prime factors of u.
317
Suppose -133 = -3*u + 5*w, -49 = -u + w - 4*w. List the prime factors of u.
2, 23
Let l be 2/(-6) - (-2)/(-3). Let x be l - -4 - 0/2. Suppose -23 = -2*u + i, 0*i + x*i + 14 = u. List the prime factors of u.
11
Let q = -91 - -168. List the prime factors of q.
7, 11
Suppose 0 = -p - 0*w - 5*w + 13, -34 = -2*p - 2*w. What are the prime factors of p + (-1 - 5) + 3?
3, 5
Let j = -4 - -26. List the prime factors of j.
2, 11
Let i(h) be the third derivative of -h**4/12 + h**3/3 + h**2. What are the prime factors of i(-4)?
2, 5
Suppose 3 - 2 = 3*p + 4*f, 3*f = -2*p. Let b(n) = p*n**2 + 3*n + n**2 - 4 + 3 - 5*n. What are the prime factors of b(2)?
11
Suppose -10*y + 503 = -157. What are the prime factors of y?
2, 3, 11
What are the prime factors of -2*1*236/(-8)?
59
Suppose 4*s - 2 + 30 = 0. Let r = s - -26. What are the prime factors of r?
19
Let k(l) = l**2 - 3*l - 2. Let n be k(4). Suppose n*o - 2*j - 22 = 0, -2*j = -o + 10 - 0. List the prime factors of o.
2, 3
Suppose -j = j. Suppose -2 = b - j*t - 3*t, 0 = -3*b - 3*t + 6. Suppose 8 = -2*r, 5*r = -3*a + 9 + b. List the prime factors of a.
2, 5
Suppose f + 20 = 5*f, 2*v - 3*f = -3. Let o be 250/v + 4/(-6). Let u = o + -26. List the prime factors of u.
3, 5
Suppose 3*v + 4 = 4*v. Suppose 0 = g - 4*g + 3*i + 3, -4*g + 12 = v*i. Let r = g + 4. What are the prime factors of r?
2, 3
Let b be 1*((-1 - -2) + 1). Suppose -y = 5*q, -2*y + 6*y = -2*q. Suppose 0 = -2*k - 7*n + 6*n + 3, q = 2*k + b*n. List the prime factors of k.
3
Let w(d) = d**2 + d - 1. Let k be w(2). Suppose 3*v = k*b + 12, b + 1 - 21 = -5*v. List the prime factors of v.
2
Suppose 2*x = -3*a + 59, -a + 45 = 2*x - 8. What are the prime factors of x?
5
Let d = -6 - -9. Suppose -m + 2*m = -d*x - 1, -2*m + 4*x + 8 = 0. List the prime factors of m.
2
Let k = -1 - 6. Suppose p - 5*b + 14 = -7, 4*b = -3*p + 32. Let c = p - k. What are the prime factors of c?
11
Suppose -4 = 2*r + 10. Let h(g) = -2*g + 8. List the prime factors of h(r).
2, 11
Let r(o) = 3*o + 1. List the prime factors of r(2).
7
List the prime factors of 23 + -13 - 8/(-2).
2, 7
Let k = 196 - 80. Suppose -7*s + k = -3*s. What are the prime factors of s?
29
Let f(z) = -13*z + 4. Let l(o) = -15*o + 2. Let v(r) = 7*r - 1. Let k(u) = -3*l(u) - 7*v(u). Let h(x) = -6*f(x) + 21*k(x). What are the prime factors of h(-2)?
3
Let o be (-7)/28 + 63/(-4). Let f = -24 - o. List the prime factors of 250/40 + 2/f.
2, 3
Suppose -2*v = 6, 3*v = -k - 0 - 5. What are the prime factors of k?
2
Let w be -1 - (-1 + (-8 - 2)). Suppose 4*y - w = 2*y. Suppose -3*k = y*q - 17, -11 + 3 = 4*q. List the prime factors of k.
3
Let u(v) = v**3 + 12*v**2 + 10*v - 7. Let n be u(-11). Suppose -f = 4*b - 3*f - 22, 0 = -n*b + 5*f + 31. What are the prime factors of (5 + -4)*1*b?
2
Suppose 2*x + d - 55 = 0, -3*x - 6*d = -11*d - 102. What are the prime factors of x - (-7 - (-2 - 1))?
3, 11
What are the prime factors of (1/(-3))/(4/(-1308))?
109
Let x(s) = 5*s - 1. Let u be x(-6). Suppose -3*v + 157 = 3*h - 4*v, -5*h + 259 = -v. Let l = 